pose -4*f = -y*x - 756, 3*f - 608 = 5*x - 30. Calculate the greatest common factor of f and 6.
6
Let b be 9/(-21) + ((-8082)/(-42) - 2). Suppose -8*h = -82 - 78. Calculate the greatest common divisor of h and b.
10
Let s be -1 - (130/2 + 2). Let o be 828/54*15/(-10). Let h = o - s. Calculate the greatest common divisor of h and 15.
15
Suppose -3*a + 29 = 5*j, -4*a + j - 2 + 10 = 0. Suppose -33*i + a*m = -38*i + 225, i - 23 = -5*m. What is the greatest common factor of i and 168?
24
Suppose -7*z - 212 = -324. Suppose -101 = -5*i - z. Suppose -4*t = -27 - 41. Calculate the greatest common factor of i and t.
17
Suppose -44*y - 12816 = -35124. Calculate the highest common factor of y and 104.
13
Let v(q) = 32*q**3 - 2*q + 3. Let m = -108 + 110. Let r be v(m). Let z be 0 - ((-9)/(-6) + r/(-10)). Calculate the greatest common factor of 120 and z.
24
Suppose 0 = -6*s + 340 + 128. Suppose 9 = -75*q + s*q. Let y be 1*(q + 17) - -3. What is the highest common factor of y and 23?
23
Suppose -p - 3*p - 32 = -2*n, -3*n - 5*p + 15 = 0. Let o be (7 + -1)/(((-15)/(-50))/(30/20)). Calculate the greatest common divisor of o and n.
10
Let j(h) = 4*h + 5. Let s(x) = -x - 1. Let z be s(-7). Let l be j(z). Calculate the highest common divisor of l and 116.
29
Let u(v) = 17*v**2 + 1. Let l be u(1). Suppose 835*t = -4*f + 837*t + 494, 0 = t - 5. What is the highest common factor of l and f?
18
Let l be (-4 - -8) + -13 + 21. What is the highest common factor of l and 212?
4
Let m = -52 + 59. Let f be (9 + 0)*(-20)/(-15). Suppose 0 = -8*o + m*o + f. Calculate the greatest common divisor of o and 132.
12
Let q be 7 - 731/102 - (-3155)/30. Calculate the greatest common divisor of 3010 and q.
35
Suppose 5*u + 3*w - 26217 = 0, 0 = -4*u + 54*w - 52*w + 20978. What is the highest common divisor of 184 and u?
92
Suppose 7*c - 90 = -3*x + 4*c, -54 = -x + 5*c. Suppose -x*u - 1904 = -41*u. Calculate the greatest common factor of u and 204.
68
Suppose 3*x - 3*j = 327, -2*x = -3*j - 128 - 91. Let y = 111 - -24. Calculate the highest common factor of x and y.
27
Suppose -2*h = 2*y + 684, 27*y - 32*y = 4*h + 1373. Let b = -316 - h. Let v = -39 - -67. What is the highest common divisor of b and v?
7
Suppose 4*d - 3*o + 9 = 0, -o = -4*d + 2*d - 3. Suppose d = -h + 7 - 5. Let k = 51 + -31. What is the greatest common factor of h and k?
2
Suppose 4*g + 5*s = 2270, -4*s - 1718 = -21*g + 18*g. Suppose -5*q = -g - 170. What is the greatest common divisor of 185 and q?
37
Suppose -14*k + 6873 - 41 = 0. What is the greatest common factor of 793 and k?
61
Suppose x - 2217 = -h + 4507, -5*x = 3*h - 20180. What is the greatest common factor of 21 and h?
21
Let z be 3 + 38 + -3 - (-2 + 3). Suppose -5*i = -4*r + 11 - z, 3*i + 2 = -2*r. Let p be ((20*4)/r)/(2/(-8)). What is the greatest common divisor of 16 and p?
16
Suppose 4*m + 5*r + 25 = m, 0 = -5*m - r - 5. Suppose 3*o - 2*f - 697 - 795 = m, -15 = 3*f. Calculate the highest common divisor of 13 and o.
13
Let j(y) = -319*y - 299. Let n be j(-1). What is the highest common divisor of n and 7090?
10
Let a(o) = -59*o**3 + 15*o**2 + 47*o - 12. Let j be a(-4). What is the highest common divisor of j and 36?
36
Let l be (8921/(-55) + -21)*(-1 + (-3)/2). Calculate the highest common factor of 4 and l.
2
Let n(m) = 28*m + 27. Let v be n(-1). Let r(k) = -21*k**3 - k**2 + 7*k + 7. Let s be r(v). Calculate the highest common factor of s and 140.
20
Let l(t) = -2*t**3 - 17*t**2 + 14*t. Suppose -2*q + 0*q - 28 = 3*o, -3*o - 5*q - 25 = 0. Let i be l(o). What is the greatest common divisor of i and 5?
5
Let b = 4415 - 3911. What is the greatest common divisor of b and 702?
18
Let k = 8192 - 8184. Let r be (14/6)/(1/(-3)). Let h be (65 + -2)*(k + r). Calculate the greatest common divisor of 21 and h.
21
Let a = 14701 + -14678. Calculate the highest common divisor of a and 9.
1
Let f be 3500/150*(4/(-15))/(1/(-9)). What is the highest common divisor of f and 12796?
28
Suppose 20 = 5*b, 5*q - 508 = q - 5*b. Let s = q - 100. Calculate the highest common divisor of 154 and s.
22
Let x(n) = 9 + 5 + 4 - n. Let v be x(-9). Suppose m = -p + 82, -3*p - 5*m + 131 = -117. What is the greatest common divisor of v and p?
27
Suppose 0 = 49*p - 10400 + 2511. Let m = 245 + p. Calculate the highest common divisor of m and 14.
14
Suppose -32*n - 694 = -34*n. Suppose 2*y - 346 = 4*k, -3*y + 227 + n = 5*k. Suppose 5*b - 492 = y. Calculate the highest common divisor of b and 15.
15
Suppose -2*a + 3462 = -2*r, -5202 = -569*a + 566*a + 4*r. What is the highest common factor of 210 and a?
42
Let w(h) = 2*h**3 - 65*h**2 - 145*h + 3712. Let x be w(33). Suppose -4*r + 394 + 22 = 0. What is the highest common factor of x and r?
8
Let k = -4 + 20. Suppose 0 = -26*w + 15*w + 990. Suppose -2*h - 2*m + w = 0, 13*h + m - 165 = 9*h. What is the greatest common divisor of k and h?
8
Let d = -120 + 122. Suppose 7*y - d*y = 765. What is the highest common divisor of y and 17?
17
Suppose -22 = -47*q + 19154. Let t(v) = -3*v**3 - 2*v**2 + 4*v. Let j be t(-3). Calculate the highest common factor of q and j.
51
Suppose 15*u - 770 = -5660. Let h = u + 406. Calculate the greatest common factor of h and 32.
16
Let y be 105/(-6)*(-28)/(-35). Let a be (((-88)/(-16))/11)/(1/2). Let x be (y/6 + 1)/(a/(-18)). Calculate the greatest common factor of 48 and x.
24
Suppose 0 = -2*p + 6*p - 36. Let v be 26/6*4/(28/21). Suppose -3*n - 5*h + 25 = -v, 0 = 4*h - 16. Calculate the highest common factor of n and p.
3
Suppose -b + 3*c + 76 = 0, 2*c - 136 = 90*b - 92*b. Let a = 571 - -199. What is the highest common factor of b and a?
70
Let l(z) be the third derivative of z**6/120 - 3*z**5/20 - 5*z**4/12 + 11*z**3/3 - 76*z**2. Let x be l(10). What is the greatest common factor of 10 and x?
2
Let d be ((-42)/(-28))/(15/26660). Calculate the highest common factor of 602 and d.
86
Let i be (1 - 24/15) + (-97272)/280. Let w = i - -366. What is the greatest common factor of w and 666?
18
Let k = -161 + -43. Let l = k + 378. Calculate the highest common divisor of l and 406.
58
Let o(s) = 5*s**2 + 6*s + 7. Let r be o(-1). Suppose 52 = 2*z + 2*x, -7*z + r*z - 4*x + 35 = 0. Calculate the greatest common divisor of z and 92.
23
Let a(m) = m**3 - 104*m**2 - 7*m + 875. Let k be a(104). What is the greatest common divisor of k and 119?
7
Let x(z) = 6*z**2 - 13*z + 53. Let l be x(6). Let o = -168 + l. What is the highest common factor of 207 and o?
23
Suppose 0 = -5*t - 2*x + 170, -11 = 3*x + 4. Suppose -13*s + 309 - t = 0. What is the greatest common divisor of s and 28?
7
Suppose 2*c = 4*u - 9*u + 49, u + 19 = 2*c. Suppose 3*k - 198 = c. Calculate the greatest common factor of 20 and k.
10
Let w(a) = -4*a**2 + 67*a - 270. Let u be w(8). What is the greatest common divisor of u and 72?
2
Let k = -50 + 61. Let q = -439 + 483. What is the greatest common divisor of q and k?
11
Let k(g) = 4*g**2 + 8*g + 9. Suppose 0 = 16*l + 40*l - 448. Let a be k(l). What is the greatest common factor of a and 141?
47
Suppose 0 = 72*q + 83404 - 219124. What is the greatest common divisor of 290 and q?
145
Let v(x) = -x**2 + 30*x - 89. Let s be v(26). What is the greatest common factor of s and 2085?
15
Suppose 0 = -5*m - 5*o - 120, -2*m - 8*o - 39 = -3*o. Let l be (-3 + 5 - 0)*m/(-2). What is the highest common divisor of 36 and l?
9
Let q = -44 - -47. Suppose 0*g = -q*g + 102. Suppose -g = 4*w - 194. What is the greatest common factor of w and 240?
40
Let f(c) = -7*c + 41. Let y be f(5). Let u(s) = 2*s**3 + 10*s**2 - 12*s + 8. Let h be u(y). Calculate the greatest common factor of h and 56.
56
Suppose -6 = -3*k - 5*y + 7, -4*y + 3 = -5*k. Let u be 16/(-4) - -140 - k. What is the greatest common factor of u and 54?
27
Let r be (-7 + (92 - 21))/((-2)/(-4)). Suppose 12 = -2*q + 5*q. Calculate the greatest common factor of q and r.
4
Let u(n) = 15*n**2 - 1621*n - 2. Let f be u(114). Calculate the greatest common divisor of 32 and f.
32
Let s(n) = 49*n**2 + 1. Let r be s(-1). Let q = 2877 + -2277. What is the greatest common divisor of q and r?
50
Let d(n) = 5*n - 103. Let r(a) = -a + 26. Let u(t) = 2*d(t) + 9*r(t). Let q be u(0). Calculate the highest common factor of q and 42.
14
Suppose 0 = 3*x - 5*y - 156, -5*x - 5*y = -123 - 137. Suppose -k - 